 number?
False
Is 461561 a composite number?
False
Is 1647057 a prime number?
False
Is 15049 a prime number?
False
Is 263033 a prime number?
False
Is 28789 a composite number?
False
Is 24889 composite?
False
Is 271759 composite?
True
Is 139117 prime?
False
Is 49103 composite?
False
Is 135491 composite?
True
Is 190903 a prime number?
False
Is 10931 prime?
False
Is 40739 a composite number?
False
Is 744197 a prime number?
False
Is 39079 prime?
True
Is 139729 a prime number?
True
Is 1339 a composite number?
True
Is 36911 a prime number?
False
Is 17197 composite?
True
Is 41893 prime?
True
Is 109073 prime?
True
Is 22171 a prime number?
True
Is 5413 composite?
False
Is 9173 composite?
False
Is 1617689 prime?
True
Is 80137 a prime number?
False
Is 111803 a prime number?
False
Is 92737 prime?
True
Is 22429 composite?
True
Is 5381 composite?
False
Is 223303 a prime number?
True
Is 63163 a composite number?
True
Is 7851 composite?
True
Is 5806 a prime number?
False
Is 338119 a prime number?
True
Is 32051 prime?
True
Is 4742 a prime number?
False
Is 359 composite?
False
Is 32467 a prime number?
True
Is 32885 composite?
True
Is 27329 a prime number?
True
Is 28081 a composite number?
False
Is 5623393 a prime number?
True
Is 1361 prime?
True
Is 84839 prime?
False
Is 287659 a prime number?
False
Is 602539 composite?
True
Is 82151 a prime number?
False
Is 135919 composite?
True
Is 1182793 prime?
False
Is 9305 composite?
True
Is 45439 a prime number?
True
Is 18007 composite?
True
Is 85513 prime?
True
Is 31757 a prime number?
False
Is 10871 composite?
True
Is 22054 a prime number?
False
Is 171559 composite?
False
Is 897341 composite?
True
Is 38897 composite?
True
Is 1240621 a prime number?
True
Is 39709 prime?
True
Is 13291 prime?
True
Is 1055201 prime?
False
Is 831503 composite?
False
Is 739801 a prime number?
False
Is 1854101 a composite number?
False
Is 21269 prime?
True
Is 9221 a prime number?
True
Is 27149 a composite number?
True
Is 2379418 prime?
False
Is 1349 prime?
False
Is 373 composite?
False
Is 5435 prime?
False
Is 374609 a composite number?
True
Is 385831 prime?
True
Is 253229 a composite number?
False
Is 141997 a prime number?
False
Is 5219 prime?
False
Is 73181 a prime number?
True
Is 23147 a prime number?
False
Is 980981 a prime number?
False
Is 1283 a prime number?
True
Is 437951 prime?
False
Is 1664009 prime?
True
Is 18581 composite?
True
Is 67819 composite?
False
Is 84913 a composite number?
False
Is 63029 composite?
False
Is 56981 composite?
True
Is 26679 composite?
True
Is 108419 composite?
True
Is 5113 a prime number?
True
Is 83069 prime?
False
Is 39199 prime?
True
Is 15299 a composite number?
False
Is 44081 composite?
True
Is 880559 a composite number?
False
Is 46261 prime?
True
Is 56197 composite?
False
Is 138257 a prime number?
False
Is 389839 a composite number?
False
Is 1361 a composite number?
False
Is 550757 composite?
False
Is 18739 a prime number?
False
Is 49163 prime?
False
Is 42043 a composite number?
False
Is 1117889 a composite number?
False
Is 6753 composite?
True
Is 22921 prime?
True
Is 432867 a prime number?
False
Is 66161 a prime number?
True
Is 2633 a prime number?
True
Is 90173 composite?
False
Is 28201 a composite number?
False
Is 253073 composite?
True
Is 22961 composite?
False
Is 16505 composite?
True
Is 144461 a prime number?
True
Is 40343 a prime number?
True
Is 186619 a composite number?
False
Is 350279 prime?
False
Is 4509263 a prime number?
False
Is 83059 a composite number?
False
Is 55763 composite?
False
Is 247901 a composite number?
False
Is 529 a composite number?
True
Is 206627 prime?
True
Is 22633 prime?
False
Is 80062 a composite number?
True
Is 51257 prime?
True
Is 9271 prime?
False
Is 1408987 a prime number?
True
Is 5069 a prime number?
False
Is 5978603 composite?
False
Is 902471 a prime number?
True
Is 6527479 prime?
False
Is 42611 prime?
True
Is 3163 a prime number?
True
Is 94011 a composite number?
True
Is 8817 a composite number?
True
Is 3439 composite?
True
Is 6505 a prime number?
False
Is 7411 composite?
False
Is 314213 a prime number?
True
Is 697 prime?
False
Is 3247759 a composite number?
False
Is 18947 prime?
True
Is 15511 a composite number?
False
Is 539963 a prime number?
False
Is 8223 a composite number?
True
Is 8419 a composite number?
False
Is 51743 composite?
True
Is 94469 composite?
True
Is 258877 a prime number?
False
Is 782899 composite?
True
Is 647 composite?
False
Is 827042 composite?
True
Is 18149 a composite number?
False
Is 63059 prime?
True
Is 101173 a prime number?
True
Is 1365239 a prime number?
True
Is 16057 composite?
False
Is 1208177 prime?
True
Is 20569 prime?
False
Is 13549 a prime number?
False
Is 117427 a prime number?
True
Is 37667 a composite number?
True
Is 669895 a composite number?
True
Is 442609 prime?
True
Is 143287 composite?
False
Is 10037 prime?
True
Is 137303 a composite number?
False
Is 1711 composite?
True
Is 610279 composite?
False
Is 52231 a prime number?
False
Is 10369 a prime number?
True
Is 3111397 prime?
True
Is 716285 a composite number?
True
Is 19777 composite?
False
Is 241639 prime?
True
Is 264487 prime?
True
Is 140887 prime?
False
Is 64837 a composite number?
True
Is 73483 composite?
False
Is 211903 composite?
True
Is 1049 a composite number?
False
Is 19563 prime?
False
Is 28201 composite?
False
Is 272753 composite?
True
Is 116111 prime?
False
Is 32639 a composite number?
True
Is 56273 composite?
True
Is 967021 a prime number?
False
Is 145949 a composite number?
False
Is 73897 a prime number?
True
Is 3635 prime?
False
Is 302053 composite?
False
Is 121181 a composite number?
False
Is 4197 composite?
True
Is 22367 a composite number?
False
Is 5824021 a composite number?
True
Is 26971 a prime number?
False
Is 24793 composite?
False
Is 231103 prime?
False
Is 568577 composite?
False
Is 275407 a prime number?
False
Is 1957205 prime?
False
Is 382103 a prime number?
True
Is 781406 composite?
True
Is 146257 a prime number?
False
Is 873913 prime?
True
Is 18191 a composite number?
False
Is 9566 prime?
False
Is 243367 a composite number?
False
Is 141209 prime?
True
Is 1262339 prime?
False
Is 757019 composite?
False
Is 23399 a prime number?
True
Is 218567 prime?
False
Is 1208803 a prime number?
False
Is 1763 a composite number?
True
Is 9767 a prime number?
True
Is 162053 composite?
False
Is 28463 composite?
False
Is 82489 a prime number?
False
Is 35141 a composite number?
False
Is 94747 a composite number?
False
Is 30737 a prime number?
False
Is 21859 a composite number?
False
Is 4583 a prime number?
True
Is 7817 a composite number?
False
Is 814393 composite?
False
Is 20863 a composite number?
True
Is 161233 prime?
True
Is 295357 composite?
False
Is 611693 a composite number?
False
Is 108131 prime?
True
Is 21643 prime?
False
Is 19337 prime?
False
Is 10037 prime?
True
Is 79301 a prime number?
True
Is 865 a prime number?
False
Is 49031 a prime number?
True
Is 35633 a prime number?
False
Is 223969 a composite number?
False
Is 23651 prime?
False
Is 660941 prime?
True
Is 40769 a composite number?
True
Is 64957 a composite number?
True
Is 26453 a prime number?
False
Is 399719 composite?
False
Is 507289 prime?
True
Is 16041 prime?
False
Is 1893 prime?
False
Is 169181 composite?
False
Is 211 a prime number?
True
Is 319 a prime number?
False
Is 16493 a composite number?
False
Is 100087 prime?
False
Is 3593 prime?
True
Is 1693 a prime number?
True
Is 300217 prime?
False
Is 638603 prime?
False
Is 15529 prime?
False
Is 5106217 a prime number?
True
Is 498794 a composite number?
True
Is 106087 a prime number?
True
Is 177542 a composite number?
True
Is 53643 prime?
False
Is 2707 a composite number?
False
Is 13891 a prime number?
False
Is 4903 a composite number?
False
Is 1029103 a composite number?
False
Is 11267 composite?
True
Is 1643179 composite?
False
Is 13211 prime?
False
Is 31957 a prime number?
True
Is 13649 a prime number?
True
Is 72139 prime?
True
Is 25733 a prime number?
True
Is 3791 composite?
True
Is 543 a composite number?
True
Is 272807 a prime number?
True
Is 2053 prime?
True
Is 8633 prime?
False
Is 6362 prime?
False
Is 21557 a prime number?
True
Is 315841 composite?
True
Is 10079 a prime number?
True
Is 787 composite?
False
Is 41429 composite?
True
Is 251